at is -12 (base 7) in base 2?
-1001
-7 (base 15) to base 7
-10
3 (base 7) to base 5
3
What is 414 (base 8) in base 3?
100221
22 (base 3) to base 14
8
What is -40 (base 12) in base 5?
-143
1012 (base 5) to base 3
11220
Convert -1 (base 9) to base 14.
-1
Convert 0 (base 5) to base 12.
0
Convert -101001 (base 2) to base 10.
-41
-a (base 15) to base 5
-20
What is 0 (base 7) in base 9?
0
What is 2 (base 10) in base 6?
2
Convert -304 (base 8) to base 10.
-196
What is -10203 (base 4) in base 5?
-2131
Convert 31 (base 8) to base 15.
1a
Convert 112 (base 3) to base 9.
15
What is -232 (base 4) in base 5?
-141
Convert 2 (base 4) to base 10.
2
Convert 12 (base 3) to base 5.
10
21 (base 8) to base 14
13
What is 1 (base 6) in base 7?
1
Convert 1 (base 14) to base 9.
1
33 (base 11) to base 16
24
3 (base 11) to base 14
3
8 (base 10) to base 16
8
Convert -1c (base 16) to base 8.
-34
Convert -4 (base 14) to base 7.
-4
What is 11000 (base 2) in base 10?
24
Convert -4 (base 16) to base 5.
-4
1 (base 12) to base 11
1
Convert -24 (base 6) to base 13.
-13
What is 56 (base 11) in base 2?
111101
-d (base 15) to base 14
-d
21 (base 5) to base 10
11
Convert 1000 (base 3) to base 11.
25
1 (base 14) to base 15
1
What is 224 (base 8) in base 16?
94
Convert -20 (base 15) to base 5.
-110
-b (base 14) to base 12
-b
10 (base 6) to base 15
6
What is 6 (base 15) in base 5?
11
What is -2 (base 9) in base 15?
-2
Convert -336 (base 10) to base 5.
-2321
-156 (base 14) to base 12
-1a8
Convert 60 (base 7) to base 4.
222
Convert 1 (base 9) to base 16.
1
What is -10001 (base 4) in base 6?
-1105
Convert -12000 (base 3) to base 10.
-135
-1 (base 9) to base 13
-1
What is -370 (base 9) in base 13?
-1a7
157 (base 9) to base 10
133
Convert 28 (base 16) to base 7.
55
Convert 20 (base 14) to base 9.
31
Convert -402 (base 6) to base 5.
-1041
What is -1 (base 9) in base 2?
-1
10000 (base 2) to base 7
22
Convert -11 (base 4) to base 8.
-5
What is 33 (base 14) in base 3?
1200
Convert 1 (base 16) to base 3.
1
Convert 16 (base 11) to base 12.
15
0 (base 13) to base 9
0
-3 (base 5) to base 9
-3
-121 (base 3) to base 12
-14
1 (base 12) to base 6
1
-1 (base 5) to base 3
-1
-8 (base 11) to base 13
-8
What is -3c (base 15) in base 4?
-321
What is -200 (base 3) in base 14?
-14
Convert 266 (base 11) to base 3.
102122
What is 6 (base 15) in base 11?
6
b2 (base 12) to base 14
98
Convert 343 (base 8) to base 9.
272
Convert 53 (base 12) to base 7.
120
-1 (base 8) to base 10
-1
-21 (base 3) to base 11
-7
Convert -2 (base 12) to base 7.
-2
What is 6 (base 12) in base 6?
10
-142 (base 10) to base 15
-97
Convert 210 (base 7) to base 16.
69
-b (base 15) to base 3
-102
19 (base 15) to base 8
30
What is 1a4 (base 12) in base 16?
10c
What is -4 (base 16) in base 2?
-100
What is 3 (base 6) in base 9?
3
0 (base 6) to base 2
0
Convert 19 (base 12) to base 7.
30
Convert 4 (base 13) to base 15.
4
Convert -10010 (base 4) to base 2.
-100000100
Convert 43 (base 12) to base 7.
102
Convert 101 (base 2) to base 7.
5
Convert -110 (base 5) to base 16.
-1e
Convert 2 (base 16) to base 4.
2
-2 (base 12) to base 2
-10
Convert 3 (base 16) to base 8.
3
-1010 (base 4) to base 13
-53
Convert 21 (base 7) to base 14.
11
Convert -5 (base 11) to base 14.
-5
What is -3 (base 8) in base 14?
-3
-11 (base 4) to base 13
-5
a (base 11) to base 4
22
-4 (base 13) to base 3
-11
2 (base 10) to base 15
2
1 (base 14) to base 11
1
What is -11100 (base 2) in base 12?
-24
Convert 1 (base 11) to base 12.
1
What is 2 (base 7) in base 3?
2
-d (base 16) to base 2
-1101
-3 (base 7) to base 3
-10
-103 (base 7) to base 9
-57
-241 (base 9) to base 5
-1244
Convert -22 (base 9) to base 13.
-17
-31 (base 6) to base 2
-10011
114 (base 6) to base 9
51
What is -4 (base 10) in base 9?
-4
1 (base 13) to base 12
1
What is -10 (base 7) in base 16?
-7
What is -16 (base 7) in base 14?
-d
165 (base 7) to base 12
80
What is -1100 (base 2) in base 6?
-20
Convert 10 (base 2) to base 15.
2
-1000 (base 3) to base 9
-30
1323 (base 4) to base 6
323
What is -21 (base 15) in base 11?
-29
Convert 2 (base 10) to base 9.
2
What is -101 (base 2) in base 3?
-12
32 (base 7) to base 5
43
What is -1 (base 8) in base 3?
-1
Convert -14 (base 5) to base 7.
-12
Convert 6 (base 15) to base 12.
6
36 (base 7) to base 11
25
Convert f5 (base 16) to base 2.
11110101
What is -4 (base 12) in base 4?
-10
Convert -2d (base 14) to base 8.
-51
Convert -131 (base 4) to base 2.
-11101
2 (base 9) to base 6
2
What is -12b (base 13) in base 3?
-21122
What is 81 (base 10) in base 3?
10000
What is -7 (base 13) in base 5?
-12
Convert 18 (base 14) to base 10.
22
What is 12 (base 3) in base 16?
5
What is -7 (base 9) in base 10?
-7
-6 (base 7) to base 12
-6
What is 42 (base 10) in base 2?
101010
-a (base 13) to base 14
-a
What is 10100 (base 2) in base 13?
17
Convert 269 (base 10) to base 12.
1a5
1 (base 9) to base 4
1
Convert -1e (base 16) to base 14.
-22
What is -6 (base 9) in base 7?
-6
What is -20 (base 9) in base 13?
-15
Convert -266 (base 8) to base 12.
-132
What is -318 (base 9) in base 3?
-100122
What is 3 (base 7) in base 6?
3
Convert -5c (base 15) to base 7.
-153
Convert 2 (base 9) to base 15.
2
Convert -10000 (base 2) to base 3.
-121
Convert 10 (base 11) to base 13.
b
What is -111110 (base 2) in base 13?
-4a
Convert 0 (base 7) to base 3.
0
What is 200 (base 4) in base 8?
40
What is 1 (base 11) in base 13?
1
What is 10111100 (base 2) in base 13?
116
-102 (base 4) to base 3
-200
-26 (base 10) to base 15
-1b
What is ee (base 15) in base 16?
e0
0 (base 2) to base 9
0
-3 (base 14) to base 2
-11
Convert 0 (base 12) to base 6.
0
What is 10010 (base 2) in base 3?
200
Convert -1 (base 2) to base 12.
-1
Convert 65 (base 13) to base 4.
1103
What is 0 (base 12) in base 11?
0
Convert -32 (base 11) to base 13.
-29
What is 11110 (base 2) in base 9?
33
Convert -5 (base 10) to base 4.
-11
-10000 (base 2) to base 11
-15
What is 2 (base 11) in base 3?
2
What is 16 (base 9) in base 5?
30
11202 (base 3) to base 7
242
What is 3 (base 14) in base 12?
3
What is -234 (base 5) in base 14?
-4d
What is 86 (base 15) in base 7?
240
10 (base 9) to base 8
11
What is -2 (base 15) in base 11?
-2
What is 7 (base 14) in base 8?
7
-13 (base 6) to base 11
-9
-13 (base 16) to base 5
-34
Convert -2 (base 8) to base 4.
-2
What is -4 (base 9) in base 15?
-4
11 (base 8) to base 13
9
Convert 0 (base 12) to base 16.
0
Convert 14 (base 9) to base 3.
111
10100 (base 2) to base 10
20
Convert 213 (base 7) to base 9.
130
What is -20021 (base 3) in base 16?
-a9
Convert 4 (base 7) to base 4.
10
Convert 67 (base 8) to base 12.
47
Convert 22 (base 3) to base 6.
12
Convert -4 (base 16) to base 4.
-10
What is -38 (base 12) in base 2?
-101100
What is -a3 (base 15) in base 4?
-2121
What is 44 (base 9) in base 5?
130
What is 3 (base 12) in base 13?
3
What is -1200 (base 3) in base 15?
-30
What is 100 (base 2) in base 6?
4
3 (base 7) to base 16
3
What is -9 (base 11) in base 9?
-10
What is 103 (base 9) in base 4?
1110
What is -1104 (base 5) in base 12?
-10a
Convert -100 (base 3) to base 13.
-9
1 (base 16) to base 12
1
-30 (base 6) to base 4
-102
Convert 53 (base 10) to base 15.
38
What is -8 (base 11) in base 12?
-8
What is -2032 (base 5) in base 9?
-326
What is -b (base 13) in base 10?
-11
What is -3 (base 8) in base 4?
-3
Convert -141 (base 11) to base 14.
-bc
Convert -25 (base 12) to base 5.
-104
Convert -8 (base 12) to base 10.
-8
What is -18 (base 12) in base 8?
-24
Convert 37 (base 11) to base 12.
34
What is 0 (base 13) in base 2?
0
What is 231 (base 6) in base 4?
1123
What is b (base 12) in base 8?
13
Convert 1 (base 9) to base 5.
1
5 (base 13) to base 14
5
What is 8 (base 12) in base 3?
22
What is 25 (base 10) in base 9?
27
Convert 0 (base 6) to base 5.
0
What is 125 (base 10) in base 12?
a5
Convert -40 (base 8) to base 10.
-32
-3 (base 6) to base 11
-3
What is 12 (base 7) in base 10?
9
What is -b (base 15) in base 5?
-21
Convert -3 (base 10) to base 11.
-3
-121 (base 3) to base 10
-16
Convert 100101 (base 2) to base 6.
101
-110 (base 2) to base 3
-20
Convert 36 (base 8) to base 14.
22
Convert -4 (base 15) to base 14.
-4
Convert 2 (base 9) to base 10.
2
What is 10 (base 8) in base 5?
13
Convert 11111100 (base 2) to base 16.
fc
What is 70 (base 11) in base 1